
What is the units digit of ((-32)/(-20) + -1)*220?
2
Suppose -3*k = 5*y - 10, 17 + 3 = 5*y + 5*k. Let s = y - -93. What is the tens digit of s?
9
Let p(d) be the third derivative of d**5/60 - d**4/8 - 5*d**3/3 + 4*d**2. What is the units digit of p(-7)?
0
Let c = 189 + -121. Let g = 70 - c. What is the units digit of g?
2
Suppose -3955 = -3*g + 3257. What is the tens digit of g?
0
Let p(g) = g**3 - 7*g**2 + 15*g + 8. Let h be -7 - -4 - (-1 + -9). What is the tens digit of p(h)?
1
Let p be (-29)/(-4) + (-1)/4. Suppose p*k = 4*k - 6. What is the tens digit of (-4 - (-1 + k))*-31?
3
Let a be 5/(22/(-52) - 3/(-6)). Let w = 8 - 50. Let p = a + w. What is the units digit of p?
3
Let q(o) = 11*o - 13. Let h(l) = 6*l - 7. Let y(b) = -5*h(b) + 3*q(b). Let v be y(16). Suppose 2*u - v - 108 = -4*s, 2*u + 33 = s. What is the units digit of s?
7
Let f be (108/10)/(94/(-705)). Suppose -6*m = -2*m - 532. Let c = f + m. What is the tens digit of c?
5
Let m be 8/(-3)*6/(-4). Suppose m*s = 26 + 114. What is the units digit of s?
5
Let q = 56 + -51. Suppose q*w - 1094 = -234. What is the units digit of w?
2
Let v = -195 - -291. Let w = v + 43. What is the hundreds digit of w?
1
Let s(t) = 2*t + 2. Let k be s(3). Let c(a) = 2*a**2 - 14*a - 4. Let j be c(7). Let m = k + j. What is the units digit of m?
4
Let s(c) = 2*c + 163. What is the units digit of s(-37)?
9
Let t be 70*(-9)/(225/(-10)). Let c = t - -27. What is the units digit of c?
5
Suppose 2180 = -10*o + 7280. What is the hundreds digit of o?
5
Let j be -14*(-7)/((-56)/(-12)). Let b be 21 + 1*-1 + 0. Let o = j - b. What is the units digit of o?
1
Let v(r) = -18*r + 27. Suppose 0 = 2*h - 4*s + 8, -2*h - 8 = 4*s + 32. What is the tens digit of v(h)?
4
Let b(r) be the first derivative of 3*r**3 + 4*r**2 + 8 - 3*r + 1/4*r**4. What is the units digit of b(-7)?
9
Let w(o) be the first derivative of 27*o**2/2 - 12*o - 4. What is the units digit of w(4)?
6
Let g = 11 - 6. Let s(y) = -y**2 - 5*y + 1. Let r be s(-4). Suppose r*k + g - 30 = 0. What is the units digit of k?
5
Let s = -76 + 28. Let n be (2/(-4))/(6/s). What is the units digit of 93/n - 5/20?
3
Let b(y) = y**2 - 8*y + 13. Suppose -2*t + 2 = -2*p, t = 3*p - 4*t + 11. Suppose -5*l = -2*z + 13, -6*l + 2*l = -p*z + 23. What is the units digit of b(z)?
2
Suppose -4*i + 3 = 19, -3*i = -o + 11. What is the tens digit of o/(0 - (-4)/(-284))?
7
Suppose 2*l - 3*l = -2*o + 843, 3*l + 849 = 2*o. What is the tens digit of o?
2
Let p = -24 - -32. Suppose -168 = -p*o + 4*o. What is the tens digit of o?
4
Let h be 7/(154/348) + (-10)/(-55). Suppose 21*v = h*v + 290. What is the tens digit of v?
5
Let b(l) = 198*l - 91. What is the hundreds digit of b(9)?
6
Let q = -173 - -212. Let i = 50 + q. What is the units digit of i?
9
Let o(f) = -f**3 - 17*f**2 - 19*f - 15. Let q be (-3 + 4)*(2 - -5). Let c be (-1 - q)/(13/26). What is the tens digit of o(c)?
3
Let g(s) = -39*s + 385. What is the units digit of g(-14)?
1
Let m = 579 - -87. What is the hundreds digit of m?
6
What is the tens digit of (-61)/1*-5*11/55?
6
Suppose 36*z = 20*z + 25488. What is the thousands digit of z?
1
Let g(s) = -17*s - 8. Let q be g(-6). Let w = q + -36. What is the tens digit of w?
5
Let z = -3012 + 4045. What is the hundreds digit of z?
0
Suppose h + 4*p = 65, 3*h - 3*p - p = 115. Suppose 4*a - 8*a = -16, -j - 4*a = -h. What is the units digit of 2*j + 0/(-7)?
8
Let u(x) = 8*x + 131. Let n be u(-16). Let p(w) = -w + 1. Let h be p(-1). Suppose b + n = -4*m, h*b + 3*b + 2*m - 21 = 0. What is the units digit of b?
5
Suppose -7*d + 3*o = -3*d - 517, 2*d - 2*o - 256 = 0. What is the tens digit of d?
3
Let d(z) = -3*z. Let x be d(-2). Suppose 0 = 3*n - 3*j + 6, -20*n - 2*j = -19*n + 14. Let v = x - n. What is the units digit of v?
2
Let c(t) = t**3 + 3*t**2 + t + 1. Let v be c(-5). Let b = 66 + v. What is the units digit of b?
2
Suppose -2*f - 4*f + 786 = 0. What is the hundreds digit of f?
1
Let w = 3691 - 2214. What is the thousands digit of w?
1
Let a(m) = -m - 4. Let b be a(-7). Let d be 8/b*(-27)/(-36). What is the tens digit of 17/d*(-8)/(-4)?
1
Let x be 16/88 - (-24)/(-11). Let r be (2/x - -1)/2. Suppose o = -r*o + 2. What is the units digit of o?
2
Suppose 5*k = -0*b + b - 22, -4*b = k - 46. Let m = -13 + b. What is the tens digit of (-108)/(-3) + 2 + m?
3
Let z(q) = 2*q + 10. Let u be z(-19). Let h = u - -89. What is the units digit of h?
1
Let q be -3 - -1 - -5 - 4392/(-6). Suppose 3*p - t - q = 3*t, 5*t - 1225 = -5*p. What is the hundreds digit of p?
2
Suppose -7*s = 4*w - 3*s - 680, -4*s - 20 = 0. What is the tens digit of w?
7
What is the tens digit of (5771 - 8)*(24/(-18) - -2)?
4
Suppose -21*c + 35182 + 14147 = 0. What is the units digit of c?
9
Suppose -9*x + 24567 - 2724 = 0. What is the thousands digit of x?
2
Let r(i) = i**2 + 4 - 15*i + 13 + 4. Let n = 16 + -2. What is the units digit of r(n)?
7
Let h = 23 - 20. Suppose -h*m - 2*k + 383 = 2*m, -5*m - 3*k = -382. What is the tens digit of m?
7
Suppose 3*b + 63 = 171. Suppose -6*x - 2*x = -3*x. Let r = b - x. What is the tens digit of r?
3
Let n = 2120 + -1130. What is the tens digit of n?
9
Suppose -g = -2*n + 676, -2*g = 3*n + 164 - 1164. What is the units digit of n?
6
Let s be -483*(-2 + (-20)/(-12)). Suppose 2*c - s = 3*z, -4*c = 5*z - 70 - 197. What is the tens digit of c?
7
Suppose 738 = 3*q - 429. What is the hundreds digit of q?
3
Let w = -43 - -168. Let t(o) = o**3 - 7*o**2 + 9*o + 8. Let x be t(7). Let n = w - x. What is the units digit of n?
4
Suppose -13*g - 8*g + 38955 = 0. What is the hundreds digit of g?
8
What is the hundreds digit of (-3 + 258/12 + -2)*28?
4
Let i be (5 - 5) + (1 - 10). Let h be ((-1362)/i)/(12/18). Suppose 4*s + 3*j = h, 22 = s - j - 33. What is the units digit of s?
6
Suppose 27*y + 188727 = 70*y. What is the hundreds digit of y?
3
Let n(i) = -i**2 - i + 5. Let m be n(-5). Let g = -67 - -89. Let k = g + m. What is the units digit of k?
7
Suppose 0 = 5*u - y - 230, -2*u - y + 70 = 3*y. Let z(x) = -x**2 + 5*x + 2. Let v be z(6). What is the units digit of ((-36)/u)/(v/70)?
4
Suppose 4*a - 1172 = 260. What is the hundreds digit of a?
3
Let g(z) = -z**2 - 21*z + 11. Let h(k) = -11*k + 6. Let p(a) = -3*g(a) + 5*h(a). What is the units digit of p(-5)?
2
Let r be (-5)/((-140)/(-8)) + 164/(-14). What is the tens digit of ((-42)/(-5))/(r/(-240))?
6
Let b be (0 - 2)/((-2)/28). Suppose -31*p + p - 720 = 0. Let z = b - p. What is the units digit of z?
2
What is the units digit of (1 - 2) + 917 + -4?
2
Suppose 0 = -j + 3*j - 2*l + 6, -5*j - 15 = 4*l. What is the units digit of j/(2/(498/(-9)))?
3
Let o(q) = -223*q - 320. What is the tens digit of o(-8)?
6
What is the tens digit of (1 - 2)*(-389)/1?
8
Let t = 1241 + -837. What is the units digit of t?
4
Suppose 4*q - 5*c - 35 = 0, -2*q + 2*c - 9 = -5*q. Let k(a) = -a - 3 + 0 - q + 9*a. What is the units digit of k(6)?
0
Let m be (2 - 2)*(-4)/8. Suppose m*s - s = -49. Suppose -12 = -3*o, 3*f + 2*o = -2*o + s. What is the units digit of f?
1
What is the hundreds digit of 294/245 + 11774/5?
3
Let t(i) = i**3 - 7*i**2 + 4*i - 6. Let c be (-1)/(-3) - (-40)/6. Let p be t(c). Suppose p*g = 19*g + 3. What is the units digit of g?
1
Suppose i = -4*b - 16, b - 8 = -4*i + 3*b. Suppose 280 = -i*j + 5*j. What is the units digit of j?
6
Let f = -15 + 7. Let o = f - 66. Let z = -37 - o. What is the units digit of z?
7
Let r = 521 + -210. Let m = r - 186. What is the units digit of m?
5
Let r be (-60)/8*4/(-5). Let f(u) = -u**3 + 7*u**2 - 6*u + 2. Let b be f(r). What is the tens digit of 9*(b - (3 - 4))?
2
Let n be (3336/(-112) + 2/7)*2. Let q = n + 86. What is the tens digit of q?
2
Let m(i) = 249*i**2 - 7*i. What is the hundreds digit of m(-3)?
2
Let j = 16 + -27. Let i = 1 - j. What is the units digit of i/66 - 612/(-22)?
8
Let b be (-18)/63 + 177/7. Suppose b = -g + 6*g. Suppose 3*z + 194 = g*v + 19, -v = 5*z - 35. What is the units digit of v?
5
Suppose 0 = -4*c + 4*y - 6*y - 6, 0 = 4*c + y + 3. Suppose c*n + 508 = -4*n. Let f = -89 - n. What is the units digit of f?
8
Let q(c) = c**3 + 3*c**2 + 2*c. Let v be q(-2). Suppose -5*i = -10 - v. Suppose -4*z + i*r = -r - 48, 4*r + 36 = 3*z. What is the tens digit of z?
1
Let u(w) = 4*w - 44. Let b be u(-19). Let l = b - -